alculate v(t).
-6
Suppose -19 = i + 5*u - 1, -4*u - 24 = -4*i. Let a(s) = -s**3 + 79*s + i + 3*s**2 + 69*s - 147*s. Calculate a(4).
-10
Let a(u) = -u**3 - 44*u**2 - 47*u - 184. Let b be a(-43). Let k(z) = 4*z + 18. Determine k(b).
-30
Let x be 1/3 + (-8)/24. Let f(w) = 4*w**2 - w**3 - 2 + x*w**2 - w**2 + 0*w**2 + 6*w. Calculate f(4).
6
Let x(a) be the second derivative of a**4/12 - 13*a**3/6 + a**2/2 - 140*a. Calculate x(9).
-35
Let a(h) = -h**3 - 15*h**2 - h - 22. Suppose 2*w - t = -28, 13*w = 12*w + 2*t - 11. Give a(w).
-7
Let b(o) = o. Let r(m) = -m - 4. Suppose -17*c + 16*c = 0. Let l be r(c). Give b(l).
-4
Let k(j) be the second derivative of -3/2*j**2 - 1/6*j**3 + 0 - 14*j. What is k(-5)?
2
Let y be -2 + 9 - (-2 + 4). Let r(t) be the second derivative of -8*t + 1/2*t**2 + 1/12*t**4 - 5/6*t**3 + 0. Determine r(y).
1
Let r(y) = 2*y - 3. Let p be r(3). Suppose 0 = -m + p + 2. Let j(c) = -161*c**2 + 160*c**2 + 4*c + 2 + 0*c - 2*c. What is j(m)?
-13
Let r(m) = 4*m - 15 + 36 - 4*m - 7*m. Let u(w) = 3*w - 10. Let l(g) = 4*r(g) + 9*u(g). Give l(-4).
-2
Let i be 0 - -3 - (-8 - -7). Let v(f) = -5*f**3 + f**2 + f - 3. Let l(b) = -6*b**3 + 2*b**2 + 2*b - 3. Let h(a) = i*l(a) - 5*v(a). Determine h(-4).
-25
Let d(r) = r**3 + r**2. Let c be d(-2). Suppose 0 = 3*q + 46 - 70. Let l(f) = -160*f + 76*f + q + 85*f. Calculate l(c).
4
Let a(h) = h**2. Let p = 1298 + -1300. Calculate a(p).
4
Let t(v) be the second derivative of -v**4/12 - v**3/6 - 7*v**2 - v + 52. Give t(0).
-14
Let s(t) = 7*t - 17. Let z(o) = -o**2 - 3*o - 4. Let b(m) = -s(m) + 2*z(m). Determine b(-7).
2
Let x(n) = n**3 + 2*n**2 - 2*n - 1. Suppose 2*t + 5*o = 33 + 6, -5*t + 51 = -3*o. Suppose 0*p - 2*p = -t. Suppose -2*b = b + p. What is x(b)?
3
Let c(k) = 147 + k**2 + 2*k + 0*k - 14*k - 132. Give c(8).
-17
Let w(u) be the third derivative of -u**6/360 + u**4/8 - 22*u**3/3 - 3*u**2. Let f(x) be the first derivative of w(x). Calculate f(4).
-13
Let c(k) be the second derivative of -k**6/360 + k**5/15 - 3*k**4/8 + 8*k**3/3 - 16*k. Let a(u) be the second derivative of c(u). What is a(6)?
3
Let h be (5/2)/((-1)/2). Let u be (-2)/(-5) - 18/h. Let s(b) be the third derivative of b**5/60 - b**4/6 - b**3/6 - 34*b**2. Calculate s(u).
-1
Let f(c) = c**2 + 10*c - 33. Let w(g) = -g + 1. Let b(o) = -f(o) + 6*w(o). Let t be b(-18). Let j(a) = -2*a - 1. Give j(t).
-7
Let a = 236 - 228. Let s(c) be the second derivative of -1/2*c**3 + 0 + 3/2*c**2 - a*c - 1/2*c**4 - 1/20*c**5. Calculate s(-5).
-7
Let y(a) = -a**3 - 7*a**2 - 11*a + 4. Let i(v) = v. Let c = 6 - 0. Let n(g) = c*i(g) + y(g). Let f(q) = -q**2 + 2*q - 6. Let m be f(0). Determine n(m).
-2
Let c(d) be the second derivative of -d**3/6 - 5*d**2 - 33*d. Determine c(-10).
0
Let x(i) be the first derivative of 1/4*i**4 + 10*i - 7/3*i**3 + 5 - 9/2*i**2. What is x(8)?
2
Let k be (-3)/(9*-1)*(-1 - 2). Let z(a) be the third derivative of -a**6/60 + 2*a**2. Determine z(k).
2
Suppose -3*f + 5*f - 20 = 0. Let s = f - 10. Suppose s = -t + 5*t - 4*z - 8, -10 = 4*t + 2*z. Let y(k) = 8*k**3. What is y(t)?
-8
Suppose -4*d + l = -1066, -69 = 4*d - 5*l - 1143. Let y(o) = -6*o - 139*o**2 - o**3 - 136*o**2 + 9 + d*o**2. Determine y(-8).
-7
Let c(n) = 7*n - 3. Let p be c(1). Let b(a) = -p*a - 2*a - 4 - 303*a**2 + 298*a**2 - a**3. Give b(-4).
4
Let m(x) = x**2 + 3*x - 1. Suppose 0*b - 3 = b, -4*b = s - 6. Suppose -3*j = -6*j - s. Let c be j/8 - (-39)/(-12). Determine m(c).
3
Let x(l) = -l**2 + 6*l - 4. Suppose 2*y = y. Let z be (-1 - y)/(5/(-20)). Suppose 2*d + 8 = 3*f - z, 0 = 5*f + d - 20. Calculate x(f).
4
Let k(a) = -a**3 - 4*a**2 - 2*a. Let x(s) = 3*s**3 + 10*s**2 + 5*s. Let b(c) = -9*k(c) - 4*x(c). Calculate b(-2).
12
Let h(i) = -3 - 7*i + 13*i - 7*i - 7 - 9. Give h(-16).
-3
Let b(a) = a**2 + 6*a - 1. Let o be 33/(-9) - ((-60)/9 + 6). Determine b(o).
-10
Let d(j) = -8*j + 63. Let c be d(9). Let r = 2 - 0. Let t = c + r. Let u(m) = -m - 5. What is u(t)?
2
Let g(z) = -z**2 + 6*z - 1. Let l be (10 - -2)*(-3)/(-9). What is g(l)?
7
Let a(v) = 4*v**3 + 31 - 11*v**2 + 3*v - 9 - 2*v**3 + 6*v**2 - 3*v**3. Determine a(-5).
7
Let l be (48/104)/(1/13). Let h(v) = 4*v + 14. Let w(r) = -r. Let b(u) = -h(u) - 5*w(u). What is b(l)?
-8
Let q = 10 + -1. Suppose 4*b = d + q, 5*b - 2 = 2*d + 7. Let c(m) = m**3 + b*m**2 - 9*m**2 - 2 + 2. What is c(6)?
0
Let o(c) = -c + 7. Suppose -5*w + 11 = 4*f, -w = -4*w - 5*f + 4. Suppose -3*b - l - 4*l = -24, w*b + 4*l - 24 = 0. What is o(b)?
-1
Let u be (-2 - (1 + -2))*1. Let r be (2 - 2)/(1/1). Let n = u + r. Let d(b) = -3*b**3. Determine d(n).
3
Let d(b) = -6 + 1 + 1 - 5*b. Let s be d(-2). Let v(r) = r**3 - 6*r**2 + 2*r. Determine v(s).
12
Let o(d) = -11 + 11 - 2 - 1 + 2*d - 7. What is o(4)?
-2
Suppose -3*g - 13 = -1. Let l(o) be the second derivative of o**4/12 + 2*o**3/3 + 3*o**2/2 + 10*o + 2. Give l(g).
3
Let a(y) = y**3 + 6*y + y - 2*y - 5 - 8*y**2 + 2*y. Give a(7).
-5
Let k(q) = -33*q - 9. Let m(x) = 18*x + 3. Let t(i) = -4*k(i) - 7*m(i). Give t(-2).
3
Let l(s) be the second derivative of 5*s**3/6 + s**2/2 - 6*s. Let q = 705 + -708. Give l(q).
-14
Let f(l) be the third derivative of -l**4/24 - 5*l**3/3 - 7*l**2 + 6*l. Give f(-3).
-7
Let x(i) = i**3 - 6*i**2 - i + 2. Let u be ((-60)/25)/(4/(-70)). Suppose u = 5*v + 4*d, 4*v + 0*d = -2*d + 30. Give x(v).
-4
Suppose -1 = 4*v + 3. Let j(x) = 1031 - 7*x**2 + 1031 - 2063 - 2*x. What is j(v)?
-6
Suppose -6*b + 3*b + 3 = 0. Suppose 2*v + b = v. Let r(f) = 2*f + 0*f + 4*f - 7*f + 1. Calculate r(v).
2
Let t(g) = g + 7. Let s be 1081/(-207) + 2/9. Calculate t(s).
2
Suppose 0 = 3*y + 4*y + y. Suppose -p + 3*t + 0*t + 4 = y, -40 = 5*p + 5*t. Let u(q) = -q**2 - 3*q - 1. Determine u(p).
-11
Let p(a) = -a + 1. Let f = -27 - -26. Let n be p(f). Let t(s) = s - 8*s - n*s - 7 + 8*s. Determine t(-3).
-4
Suppose 7*u - 4 - 10 = 0. Let y(z) = -3*z - 2 + z + 0*z**2 - 2*z**u + 0*z**2. Give y(-2).
-6
Let a be 1/5 - ((-44)/(-20) - 4). Let i(l) = l**3 - 2*l**2 + 3. What is i(a)?
3
Let u(c) = -c**3 + 5*c**2 + 6*c + 2. Let w be u(6). Suppose t = -w*k - 2*t + 6, 12 = 3*k + 3*t. Let m(b) = -b**2 + 2*b + b + 3 + b + 2*b. What is m(k)?
3
Let d(n) = 3*n - 4. Suppose 4*u + 0*u = 2*h + 76, -2*u = -2*h - 78. Let r = h - -37. Calculate d(r).
-13
Let h(q) = -q**3 - 7*q**2 - 5*q + 2. Let o be (0/(0 + -4))/(0 + -2). Suppose o*k - 3*k = 18. Give h(k).
-4
Let x(h) = -11*h. Let l = -669 - -670. What is x(l)?
-11
Let v(g) = 39*g - 7 + 5*g**2 + 7*g**3 + 34*g - 78*g. Let p(x) = 20*x**3 + 15*x**2 - 14*x - 20. Let m(s) = 6*p(s) - 17*v(s). What is m(-4)?
11
Let b(l) = 5*l - 41. Let f be b(-7). Let t = f + 71. Let s(x) = -x**2 - 7*x - 4. Give s(t).
6
Let j(l) = l - 5*l + 3*l. Let w be 2/((-8)/(-2)) - (-1467)/(-326). Let g(k) = k - 1. Let x(v) = w*j(v) - 5*g(v). Give x(-6).
11
Let s(t) = -t**2 + 5*t - 6. Let m be ((-60)/18)/(4/(-6)). Suppose 0 = -4*z + 5*b + 1, m*b + 4 = -1. Let w = z - -7. Determine s(w).
-12
Let h(z) = z**2 + 6*z - 4. Suppose -2*c + 4*r = 2, -3*c + 2 = -2*r + 17. Let o be h(c). Let u(x) = x + 2. Determine u(o).
5
Let p(m) be the second derivative of 0 + 0*m**3 + 1/20*m**5 - 18*m + 1/6*m**4 - 1/2*m**2. Determine p(-1).
0
Let i(v) = -v + 7. Let y be i(4). Suppose 3*t = -b + 5*t - 4, -b + 1 = y*t. Let l(n) be the third derivative of n**4/8 - n**3/6 + n**2. What is l(b)?
-7
Let w(l) = -3*l**2 - 2*l - 6. Let q(p) = 3*p**2 + 2*p + 7. Let b be (-10 + 0/(-2) + -2)/(-2). Let i(o) = b*w(o) + 5*q(o). Calculate i(-1).
-2
Let i(a) be the third derivative of -a**5/60 - 11*a**4/24 + 13*a**3/2 + 4*a**2 + 69*a. Give i(-14).
-3
Let d(s) be the first derivative of 6 - s - 5/2*s**2. Let y(t) = -2*t - 1. Let o(c) = -4*d(c) + 9*y(c). Calculate o(6).
7
Let w(k) be the third derivative of -k**6/60 + k**5/30 + k**4/12 + k**2. Let t(g) = -5*g + g - g**2 + 15 + 27 - 14*g. Let f be t(-20). What is w(f)?
-4
Let m be 4 + (0 + -2)*1. Let w(v) = -7 + v - m*v + 2 + 4. Give w(-3).
2
Let y(z) = -3*z - 13. Let h be y(-4). Let w(c) = -2 + 1 + 14*c**2 - 13*c**2 + 4*c**3. Calculate w(h).
-4
Let n be 0/(-2 - 0/3). Suppose i - 4*i - 6 = n. Let o be 3/(-2)*i/1. Let m(b) = -b**2 + 2*b - 4. What is m(o)?
-7
Let q(s) = -s**3 + 5*s**2 + 2. Let a be (-30)/(-5) + (-2)/2. Let k be q(a). Let m(d) = -d**2 + 2*d - 3. Determine m(k).
-3
Let l(n) = -2*n - 19. Suppose 43 = -